 z(f) = -f - 21. Determine z(a).
-6
Let r be 83/(-9) - (-10)/45. Let v(n) = n**2 + 9*n + 4. Let x be v(r). Let l(k) = -k + 2. What is l(x)?
-2
Let o(w) = 2*w**2 - 32*w - 29. Let n = -416 + 433. Determine o(n).
5
Let h(c) = c**2 + 9*c + 1. Let y(n) = -36*n - 44. Let j be y(-1). Determine h(j).
-7
Let c(i) be the third derivative of -i**6/60 + i**5/12 - i**4/6 - i**3/6 + 6*i**2 + 20*i. Determine c(2).
-5
Let t = -93 + 98. Let n(w) = -5*w - 31. Let z(u) = -3*u - 21. Let x(h) = t*n(h) - 8*z(h). Calculate x(9).
4
Suppose 4*u + 12 = -0*u. Let m(p) = -p + 15. Let n(h) = -7. Let j(f) = 2*m(f) + 5*n(f). Let i(x) = 3*x + 10. Let o(l) = u*i(l) - 5*j(l). Calculate o(0).
-5
Let o be (-6)/4 + (-8)/(-16). Let w = o + 3. Let x(v) = 4 - w*v - 2 + 2 + 3*v. Calculate x(-5).
-1
Let x(f) = -13*f + 5*f**2 + 0 - 2 + 14*f - 3*f. Determine x(-1).
5
Let c(z) = z. Let k(q) = -q**3 - 8*q**2 + 4*q + 8. Let d(a) = 6*c(a) + k(a). Let m(l) = -l**3 + 20*l**2 + 47*l - 75. Let b be m(22). Determine d(b).
-1
Let m(q) = -q**2 + 4*q - 2. Let c be m(4). Let s(j) be the third derivative of -2*j**2 + 0 - 1/24*j**4 - 1/3*j**3 + 0*j - 1/30*j**5. Give s(c).
-8
Let c(q) be the third derivative of -q**5/60 + q**4/24 + 5*q**3/3 + 5*q**2. Suppose -7*k + 3*k = 2*i + 2, -k = -2*i - 2. Give c(k).
10
Suppose -103*u = -98*u - 5. Let b be 12/(1 + 1) - 1. Let t(x) = b*x - x - x. Calculate t(u).
3
Suppose 2*t - 12 = -t. Suppose -l = -5*f + 32, 5*f + t*l + 14 - 61 = 0. Let u(r) = 10*r - 5*r - f*r - 9. What is u(-8)?
7
Let s(u) = u**3 + 2*u**2 - 3*u + 2. Let j be s(1). Let g(v) = j*v**2 - 2*v**3 + 0 + 7 + 3*v**3 - 4. Give g(-3).
-6
Let w(t) = -t. Let z(b) = b**2 + 2*b - 10. Let p be z(-5). Suppose 5*j = p + 5. Give w(j).
-2
Let o(d) = 330 + 2*d**2 - 333 + d**2 + 9*d. Let n(b) be the second derivative of 2*b**4/3 + 13*b**3/3 - 4*b**2 - b. Let v(l) = -4*n(l) + 11*o(l). What is v(5)?
-1
Let o(h) = h**3 - 2*h**2 + 1. Let p be 4/1*5/((-5)/(-8)). Let l = -21 + 50. Let m = p - l. Determine o(m).
10
Let h = -44 + 50. Let n(m) = 2 - 2 - h*m - 1 + 8*m. Determine n(-3).
-7
Let b(r) be the second derivative of 0 + 2*r**2 + 1/12*r**4 + 2*r - r**3. Let m(g) = -g**2 - 27*g - 89. Let t be m(-23). Determine b(t).
-5
Let z(m) = -7*m - 9. Suppose 1 - 11 = -5*c. Let i(b) = 0 + c*b + 4 + 2*b + 1. Let o(y) = -11*i(y) - 6*z(y). Calculate o(-3).
5
Let d(c) = -738*c - 7 - 2 + 742*c. Give d(7).
19
Suppose 3*v + 15 = -n, -n - 2*n + 2*v - 12 = 0. Let j(g) = g**2 + 4*g - 4. Give j(n).
8
Let c(o) = 5*o**2 - 5*o - 4. Suppose -48*d = -44*d - 5*q - 16, -5*q - 20 = 0. Give c(d).
6
Let y(z) be the third derivative of -z**6/120 + z**5/30 + z**4/12 + 42*z**2 + 2*z. Give y(-3).
39
Let s(u) = -7 + 7*u**2 + 5 + 2*u + 3. Give s(-1).
6
Let t(g) = g**3 - 9*g**2 - 10*g + 4. Let k be t(10). Suppose -1 = k*v + 3. Let x(o) = 3*o + 1. What is x(v)?
-2
Let d(g) = -15*g - 406. Let q be d(-27). Let m(z) = -2*z - 1. Let c(l) = -l**2 + 2*l + 1. Let i(y) = 5*c(y) + 6*m(y). Give i(q).
-4
Let x(k) = 2113*k**3 + 6 - 7 - 2094*k**3 - k. What is x(-1)?
-19
Let o(q) = q**3 + 3*q**2 - 2*q + 7. Let y(u) = 10*u - 65. Let v be y(6). Give o(v).
-33
Let u(x) be the second derivative of x**4/12 - 5*x**3/6 - x**2/2 - 2*x. Let s = -250 + 254. Calculate u(s).
-5
Suppose -2*x + w = -4, 2*x - 2*w = -5*w + 4. Let g(j) = 3*j + j**2 + 21 - 8 - 15 + j**3. Determine g(x).
16
Let p(l) be the first derivative of 8*l**3/3 - l - 7. Let a = -11 + 13. Let u be 0 + (0 - a - -1). Determine p(u).
7
Let w(u) = -6 + 6 - 2 + 2*u - 4. Calculate w(4).
2
Let t(c) = 9*c - 3. Let u = -2632 + 2635. Calculate t(u).
24
Let s(a) = a**2 - 11*a - 9. Let d be s(12). Suppose y = -4*t + d, -3*t - 4*y - 16 = -t. Let g(n) = -1 - 29*n + 29*n + t*n**2. Calculate g(1).
1
Let y(a) = a**3 - 2*a**2 - 11*a + 6. Let l be y(4). Let v(j) be the first derivative of 1/2*j**2 - 3 + 4*j. What is v(l)?
-2
Let g(q) = 2*q + 3. Let k(j) = -5*j - 5. Let w be k(-4). Let a = w - 11. Suppose -z = -1 + a. What is g(z)?
-3
Let l(m) = m**3 - 23*m**2 + 22*m - 3. Let h be l(22). Let v(b) = -2 + 0 - b**2 - 1 + 4 - 2*b. What is v(h)?
-2
Let r(j) be the second derivative of j**5/10 - j**4/12 + j**3/6 - 6*j + 19. Suppose 0 = 4*u - 2*u - 2. Give r(u).
2
Suppose 60*m + 99 + 21 = 0. Let v = -3 + 4. Let c(o) = -3 - v - 2*o + 6. Give c(m).
6
Let x(t) = -t**2 - t - 1. Let a(h) = -7*h**2 - 8*h - 9. Let f(i) = a(i) - 5*x(i). Determine f(-3).
-13
Let x(f) = 3*f**3 - 7*f**2 + 2*f + 5. Let q(j) = -4*j**3 + 10*j**2 - 3*j - 5. Let z(h) = -4*q(h) - 5*x(h). Let m be (0 - 1) + 4 + 2. What is z(m)?
5
Let l(s) = 2*s + 7. Let a(o) = o**2 - 5*o + 4. Let z be a(3). Let v be z + -3*(-3)/(-3). Give l(v).
-3
Let j(h) = h**2 + 2*h + 1. Let n be j(-2). Let d(s) = -8 + 8 - 11*s - 15*s**2. Let g(i) = 3*i**2 + 2*i. Let u(c) = 2*d(c) + 11*g(c). Give u(n).
3
Let h(z) be the second derivative of z**3 + z**2/2 + 18*z + 6. Determine h(-2).
-11
Let l(d) = 11*d + 19. Let s(g) = 9*g + 13. Let f(a) = -3*l(a) + 4*s(a). What is f(3)?
4
Let s(j) = -7*j - 1. Let w be ((5 - 4)*1)/((-4)/8). What is s(w)?
13
Let c(t) = -t**3 + 6*t**2 - 2*t - 1. Let d = 149 - 141. Suppose -j = d - 13. What is c(j)?
14
Let f be -4 + 22 + (-1 - -1). Let x = f + -16. Suppose h + 8 = x. Let t(o) = o. What is t(h)?
-6
Let k be 616/(-132)*3/2. Let n(i) = -i**3 - 9*i**2 - 11*i - 6. Calculate n(k).
-27
Let m(k) = k**3 + 2*k**2 - 5*k - 4. Let h be (-3)/((-3)/(-1)) - 12. Let w(x) = x**2 + 13*x + 1. Let n be w(h). Let j = n + -4. Determine m(j).
2
Let k(s) = -2 + 2*s - 4*s + 2*s**2 + 0*s. Let r be ((-56)/6 - -10)*3. Calculate k(r).
2
Suppose 27 = 19*j - 11. Let h(r) = -2*r**3 + r**2 + 2*r. Give h(j).
-8
Let c(f) = 3*f + 35. Let n be c(-10). Let h(y) = -y**2 + 5*y - 5. Give h(n).
-5
Suppose 5*t - 2 = -12*k + 10*k, 0 = 5*t. Let b(u) = 5*u**3 + u**2 - 3*u + 2. Determine b(k).
5
Let c(d) be the third derivative of -d**4/24 - 2*d**3 - 2*d**2 + 56*d. Determine c(-4).
-8
Let g(x) = -x**3 - 5*x**2 - 5*x - 6. Let y be ((-10)/(-4))/(4/(-8)). Give g(y).
19
Suppose 4*u - 5*b = -4, -5*u - b + 8 = -4*b. Let t(d) = 2 - 1 + 25*d - 27*d. Calculate t(u).
-7
Let c(q) = -q**2 + 12*q + 3. Let s be c(15). Let p be (-28)/s - (-34)/3. Suppose 3*r = -30 + p. Let y(j) = j**2 + 7*j + 2. Give y(r).
-4
Let z(r) = 2*r + 1. Let b be (6/33)/((-35)/(-385)). Calculate z(b).
5
Let u = 17 + 1. Let z = 12 - u. Let y(g) = 3*g**3 + 0*g**3 + 4*g + 7*g**2 - 4*g**3 + 2*g**3 - 1. Determine y(z).
11
Let v(x) be the second derivative of -x**4/12 - x**3/2 - x**2/2 + 49*x. Let o be (8/(-20))/(2/10). Give v(o).
1
Let h(w) = -5*w**2 - 20*w - 12. Let r(x) = -2*x**2 - 3*x - 1. Let z(g) = -h(g) + 3*r(g). Give z(12).
-3
Let n(r) = -31*r - 215. Let i be n(-7). Let x(v) = 2*v**3 + 7*v**2 - 7*v + 5. Let s(t) = -t**3 - 4*t**2 + 4*t - 3. Let m(h) = -5*s(h) - 3*x(h). Determine m(i).
-10
Let g(c) be the first derivative of -c**4/2 - c**3 - c**2 - 2*c - 1. Let u = -50 - -56. Suppose 64 - 76 = u*p. Give g(p).
6
Suppose q - 5*b = -13, -q + 0*b - 3*b = -11. Let t(k) = -5*k - 2. What is t(q)?
-12
Let z(s) = s**3 - 3*s**2 - 2*s + 3. Let c(f) = f**3 - 13*f**2 - f + 16. Let r be (-1 - -2)/((-1)/13*-1). Let b be c(r). Determine z(b).
-3
Let a(o) = 0*o - 4*o + 0*o - 4 - o + o. What is a(6)?
-28
Let f be (-1 - 4) + -12 + 15. Let p(b) = 6*b + 6. Let q(w) = -w - 1. Let x(n) = -2*p(n) - 11*q(n). What is x(f)?
1
Let z(i) = 48*i + 0 - 83*i + i**3 - 5 + 53*i + 9*i**2. Let v be z(-6). Let f(w) = -6*w - 3. Calculate f(v).
27
Let z(l) = -l**2 + 6*l - 7. Let u be (-5)/25 + 79/(-5). Let o = -11 - u. What is z(o)?
-2
Suppose 5*k = 20, -4*k + 7 = -3*f + 6*f. Let g(y) = -6*y + 1. Calculate g(f).
19
Suppose 56 = 8*l - l. Let v(t) = -t**3 + 9*t**2 - 10*t + 6. Determine v(l).
-10
Let s(a) = 3*a**2 - 4*a - 6. Let t(x) = x**2 - 1. Let u(i) = -s(i) + 5*t(i). What is u(-3)?
7
Let x(j) = -j**2 + j + 1. Let m(b) = b + 1. Let v(i) = 5*m(i) - 4*x(i). Let p(u) = -u**2 + 47*u - 133. Let k be p(3). Calculate v(k).
4
Let k be ((-50)/75)/(2/9*-1). Suppose s + k*s = 28. Let u(f) = -f - 9. Calculate u(s).
-16
Let a = 9 - 2. Let i(z) = 3 + z - 3*z - 16 + 2*z**3 + a*z - 7*z**2. Let p(v) = v**3 - 4*v**2 + 3*v - 6. Let t(s) = -2*i(s) + 5*p(s). What is t(5)?
-4
Suppose 3*j = 2*j. Suppose 4*z - n + 15 = j, -4*n + 11 = -4*z - 1. Let s(l) = l**2 + 4*l + 4. Determine s(z).
4
Let n(x) be the first derivative of 1